{"id":6,"date":"2025-08-05T18:22:40","date_gmt":"2025-08-05T21:22:40","guid":{"rendered":"https:\/\/extremidades.art\/x\/regimesdesentidonaspoeticas\/?page_id=6"},"modified":"2025-08-05T18:34:47","modified_gmt":"2025-08-05T21:34:47","slug":"bio","status":"publish","type":"page","link":"https:\/\/extremidades.art\/x\/regimesdesentidonaspoeticas\/bio\/","title":{"rendered":"BIO"},"content":{"rendered":"\n<p>Laborat\u00f3rio de pr\u00e1tica cr\u00edtica e art\u00edstica por meio da escuta, amostragem, debate, an\u00e1lise e escrita de artigo cient\u00edfico acerca das tradu\u00e7\u00f5es intersemi\u00f3ticas entre os procedimentos po\u00e9ticos das redes audiovisuais, do cinema, da performance e da arte contempor\u00e2nea, realizado ao longo do 2\u00b0 semestre de 2025 dentro da disciplina <strong>Regimes de Sentido nas Po\u00e9ticas:procedimentos entre as redes audiovisuais, o cinema, a performance e a arte contempor\u00e2nea,<\/strong> ministrada pela Professora Christine Mello no Programa de Estudos P\u00f3s-Graduados em Comunica\u00e7\u00e3o e Semi\u00f3tica, da PUC-SP.<\/p>\n\n\n\n<p><\/p>\n","protected":false},"excerpt":{"rendered":"<p>Laborat\u00f3rio de pr\u00e1tica cr\u00edtica e art\u00edstica por meio da escuta, amostragem, debate, an\u00e1lise e escrita de artigo cient\u00edfico acerca das tradu\u00e7\u00f5es intersemi\u00f3ticas entre os procedimentos po\u00e9ticos das redes audiovisuais, do cinema, da performance e da arte contempor\u00e2nea, realizado ao longo do 2\u00b0 semestre de 2025 dentro da disciplina Regimes de Sentido nas Po\u00e9ticas:procedimentos entre as [&hellip;]<\/p>\n","protected":false},"author":1,"featured_media":0,"parent":0,"menu_order":0,"comment_status":"closed","ping_status":"closed","template":"","meta":{"footnotes":""},"class_list":["post-6","page","type-page","status-publish","hentry"],"_links":{"self":[{"href":"https:\/\/extremidades.art\/x\/regimesdesentidonaspoeticas\/wp-json\/wp\/v2\/pages\/6","targetHints":{"allow":["GET"]}}],"collection":[{"href":"https:\/\/extremidades.art\/x\/regimesdesentidonaspoeticas\/wp-json\/wp\/v2\/pages"}],"about":[{"href":"https:\/\/extremidades.art\/x\/regimesdesentidonaspoeticas\/wp-json\/wp\/v2\/types\/page"}],"author":[{"embeddable":true,"href":"https:\/\/extremidades.art\/x\/regimesdesentidonaspoeticas\/wp-json\/wp\/v2\/users\/1"}],"replies":[{"embeddable":true,"href":"https:\/\/extremidades.art\/x\/regimesdesentidonaspoeticas\/wp-json\/wp\/v2\/comments?post=6"}],"version-history":[{"count":2,"href":"https:\/\/extremidades.art\/x\/regimesdesentidonaspoeticas\/wp-json\/wp\/v2\/pages\/6\/revisions"}],"predecessor-version":[{"id":14,"href":"https:\/\/extremidades.art\/x\/regimesdesentidonaspoeticas\/wp-json\/wp\/v2\/pages\/6\/revisions\/14"}],"wp:attachment":[{"href":"https:\/\/extremidades.art\/x\/regimesdesentidonaspoeticas\/wp-json\/wp\/v2\/media?parent=6"}],"curies":[{"name":"wp","href":"https:\/\/api.w.org\/{rel}","templated":true}]}}

<p>Laboratório de prática crítica e artística por meio da escuta, amostragem, debate, análise e escrita de artigo científico acerca das traduções intersemióticas entre os procedimentos poéticos das redes audiovisuais, do cinema, da performance e da arte contemporânea, realizado ao longo do 2° semestre de 2025 dentro da disciplina <strong>Regimes de Sentido nas Poéticas:procedimentos entre as redes audiovisuais, o cinema, a performance e a arte contemporânea,</strong> ministrada pela Professora Christine Mello no Programa de Estudos Pós-Graduados em Comunicação e Semiótica, da PUC-SP.</p>



<p></p>

<p>Laboratório de prática crítica e artística por meio da escuta, amostragem, debate, análise e escrita de artigo científico acerca das traduções intersemióticas entre os procedimentos poéticos das redes audiovisuais, do cinema, da performance e da arte contemporânea, realizado ao longo do 2° semestre de 2025 dentro da disciplina Regimes de Sentido nas Poéticas:procedimentos entre as [&hellip;]</p>
