{"id":10,"date":"2024-03-07T16:44:17","date_gmt":"2024-03-07T19:44:17","guid":{"rendered":"https:\/\/extremidades.art\/x\/lindolforobertonascimento\/?page_id=10"},"modified":"2025-05-15T17:52:55","modified_gmt":"2025-05-15T20:52:55","slug":"bio","status":"publish","type":"page","link":"https:\/\/extremidades.art\/x\/lindolforobertonascimento\/bio\/","title":{"rendered":"BIO"},"content":{"rendered":"\n<p><strong>(S\u00e3o Paulo, SP, 1986)<\/strong>&nbsp;Escritor, performer e diretor teatral, \u00e9 autor dos livros Miragens Concretas (All Print, 2023), Medusa em Braile (Desconcertos, 2021), Mandala Na\u00eff (Desconcertos, 2020), T\u00edmpanos Estourados (Benfazeja, 2017), Os Banheiros Mais Sujos do Mundo (Linear B, 2015) e \u00c1lcool e F\u00f3sforos no Fim do T\u00fanel (Livre Express\u00e3o, 2012). Em seu fazer teatral cofundou a Companhia Solit\u00e1ria de Artes do Corpo, pela qual escreveu e dirigiu Sil\u00eancio Prenhe de Palavras, espet\u00e1culo contemplado pelo Proac Lab em 2020. Ainda pela Companhia Solit\u00e1ria foi contemplado com o edital VAI da prefeitura da cidade de S\u00e3o Paulo de 2021 com a obra A Coisa X, projeto de audiopoesia e literatura. \u00c9 graduado em Comunica\u00e7\u00e3o Social (com habilita\u00e7\u00e3o em Publicidade e Propaganda) e em Comunica\u00e7\u00e3o das Artes do Corpo pela PUC-SP. Mestre em Comunica\u00e7\u00e3o e Semi\u00f3tica, atualmente \u00e9 doutorando pela mesma Universidade. Tamb\u00e9m \u00e9 MC de funk brasileiro sob o vulgo Macna. \u00c9 integrante do Grupo de Pesquisa&nbsp;Extremidades: redes audiovisuais, cinema, performance e arte contempor\u00e2nea, coordenado por Christine Mello.<\/p>\n\n\n\n<p> www.extremidades.art\/x\/lindolforobertonascimento<\/p>\n\n\n\n<p>CV<\/p>\n\n\n\n<p><strong>Forma\u00e7\u00e3o Acad\u00eamica<\/strong><\/p>\n\n\n\n<p>Doutorando em&nbsp;<strong>Comunica\u00e7\u00e3o e Semi\u00f3tica (COS) &#8211;&nbsp;<\/strong>PUC-SP.<\/p>\n\n\n\n<p>Mestre em&nbsp;<strong>Comunica\u00e7\u00e3o e Semi\u00f3tica (COS) &#8211;&nbsp;<\/strong>PUC-SP (2024).<\/p>\n\n\n\n<p>Gradua\u00e7\u00e3o em\u00a0<strong>Comunica\u00e7\u00e3o das Artes do Corpo.\u00a0<\/strong>PUC-SP (2018).<\/p>\n\n\n\n<p><strong>N\u00facleo de Dramaturgia<\/strong>&nbsp;SESI-British Council (2016).<\/p>\n\n\n\n<p>Gradua\u00e7\u00e3o em\u00a0<strong>Comunica\u00e7\u00e3o Social: Publicidade e Propaganda.\u00a0<\/strong>PUC-SP (2009).<\/p>\n\n\n\n<p><\/p>\n","protected":false},"excerpt":{"rendered":"<p>(S\u00e3o Paulo, SP, 1986)&nbsp;Escritor, performer e diretor teatral, \u00e9 autor dos livros Miragens Concretas (All Print, 2023), Medusa em Braile (Desconcertos, 2021), Mandala Na\u00eff (Desconcertos, 2020), T\u00edmpanos Estourados (Benfazeja, 2017), Os Banheiros Mais Sujos do Mundo (Linear B, 2015) e \u00c1lcool e F\u00f3sforos no Fim do T\u00fanel (Livre Express\u00e3o, 2012). Em seu fazer teatral cofundou [&hellip;]<\/p>\n","protected":false},"author":1,"featured_media":15,"parent":0,"menu_order":0,"comment_status":"closed","ping_status":"closed","template":"bio.php","meta":{"footnotes":""},"class_list":["post-10","page","type-page","status-publish","has-post-thumbnail","hentry"],"_links":{"self":[{"href":"https:\/\/extremidades.art\/x\/lindolforobertonascimento\/wp-json\/wp\/v2\/pages\/10","targetHints":{"allow":["GET"]}}],"collection":[{"href":"https:\/\/extremidades.art\/x\/lindolforobertonascimento\/wp-json\/wp\/v2\/pages"}],"about":[{"href":"https:\/\/extremidades.art\/x\/lindolforobertonascimento\/wp-json\/wp\/v2\/types\/page"}],"author":[{"embeddable":true,"href":"https:\/\/extremidades.art\/x\/lindolforobertonascimento\/wp-json\/wp\/v2\/users\/1"}],"replies":[{"embeddable":true,"href":"https:\/\/extremidades.art\/x\/lindolforobertonascimento\/wp-json\/wp\/v2\/comments?post=10"}],"version-history":[{"count":9,"href":"https:\/\/extremidades.art\/x\/lindolforobertonascimento\/wp-json\/wp\/v2\/pages\/10\/revisions"}],"predecessor-version":[{"id":174,"href":"https:\/\/extremidades.art\/x\/lindolforobertonascimento\/wp-json\/wp\/v2\/pages\/10\/revisions\/174"}],"wp:featuredmedia":[{"embeddable":true,"href":"https:\/\/extremidades.art\/x\/lindolforobertonascimento\/wp-json\/wp\/v2\/media\/15"}],"wp:attachment":[{"href":"https:\/\/extremidades.art\/x\/lindolforobertonascimento\/wp-json\/wp\/v2\/media?parent=10"}],"curies":[{"name":"wp","href":"https:\/\/api.w.org\/{rel}","templated":true}]}}

<p><strong>(São Paulo, SP, 1986)</strong>&nbsp;Escritor, performer e diretor teatral, é autor dos livros Miragens Concretas (All Print, 2023), Medusa em Braile (Desconcertos, 2021), Mandala Naïf (Desconcertos, 2020), Tímpanos Estourados (Benfazeja, 2017), Os Banheiros Mais Sujos do Mundo (Linear B, 2015) e Álcool e Fósforos no Fim do Túnel (Livre Expressão, 2012). Em seu fazer teatral cofundou a Companhia Solitária de Artes do Corpo, pela qual escreveu e dirigiu Silêncio Prenhe de Palavras, espetáculo contemplado pelo Proac Lab em 2020. Ainda pela Companhia Solitária foi contemplado com o edital VAI da prefeitura da cidade de São Paulo de 2021 com a obra A Coisa X, projeto de audiopoesia e literatura. É graduado em Comunicação Social (com habilitação em Publicidade e Propaganda) e em Comunicação das Artes do Corpo pela PUC-SP. Mestre em Comunicação e Semiótica, atualmente é doutorando pela mesma Universidade. Também é MC de funk brasileiro sob o vulgo Macna. É integrante do Grupo de Pesquisa&nbsp;Extremidades: redes audiovisuais, cinema, performance e arte contemporânea, coordenado por Christine Mello.</p>



<p> www.extremidades.art/x/lindolforobertonascimento</p>



<p>CV</p>



<p><strong>Formação Acadêmica</strong></p>



<p>Doutorando em&nbsp;<strong>Comunicação e Semiótica (COS) &#8211;&nbsp;</strong>PUC-SP.</p>



<p>Mestre em&nbsp;<strong>Comunicação e Semiótica (COS) &#8211;&nbsp;</strong>PUC-SP (2024).</p>



<p>Graduação em <strong>Comunicação das Artes do Corpo. </strong>PUC-SP (2018).</p>



<p><strong>Núcleo de Dramaturgia</strong>&nbsp;SESI-British Council (2016).</p>



<p>Graduação em <strong>Comunicação Social: Publicidade e Propaganda. </strong>PUC-SP (2009).</p>



<p></p>

<p>(São Paulo, SP, 1986)&nbsp;Escritor, performer e diretor teatral, é autor dos livros Miragens Concretas (All Print, 2023), Medusa em Braile (Desconcertos, 2021), Mandala Naïf (Desconcertos, 2020), Tímpanos Estourados (Benfazeja, 2017), Os Banheiros Mais Sujos do Mundo (Linear B, 2015) e Álcool e Fósforos no Fim do Túnel (Livre Expressão, 2012). Em seu fazer teatral cofundou [&hellip;]</p>
